y) be the third derivative of -5*y**4/12 + 5*y**3/3 - 4*y**2 - 10*y + 14. Calculate p(4).
-30
Suppose 30*j + 4*j + 22 = 12*j. Let y(r) = 6*r**3 + 10*r**2 + 9*r. Determine y(j).
-5
Suppose 2*c = 3*f + 17, 527*f - 521*f + 10 = -2*c. Let v(b) = 5*b**2 - b + 1. Determine v(c).
77
Let f(j) = 2*j + 2. Let l(k) = 3*k + 20. Let m be (1 + 0/1)*(-15 - -9). Let y(q) = q + 7. Let a(z) = m*l(z) + 17*y(z). Let r(v) = 4*a(v) + f(v). Give r(3).
-8
Let f(r) = 2*r**2 - 23*r + 16. Suppose 5*w = -4*p + 47, -14 = 2*w - 2*p - 40. Determine f(w).
5
Let u(n) be the second derivative of -1/3*n**3 + 1/20*n**5 + 1/6*n**4 - 3/2*n**2 + 0 + 182*n. What is u(-3)?
-6
Let z(w) = w**2 + 13*w + 28. Let u be z(-10). Let k(q) = -q**2 + 3*q + 6. Give k(u).
-4
Suppose 0 = -3*r - 2*s - 148, 101 = -2*r + s - 0*s. Let f = -43 - r. Let q(o) = -8*o + 0*o**2 + 11 - 10*o + o**2 + f*o. Give q(9).
-7
Let f(a) = -3*a**2 - 8*a + 5. Let p = -1930 + 1926. Determine f(p).
-11
Let w(v) = -292 + 3*v - 268 + 561 - 21*v. Calculate w(-2).
37
Let g(s) = 9*s + 15. Let o(t) = 15*t + 22 - 15*t + 11*t - 5. Let q(b) = -6*g(b) + 5*o(b). Determine q(8).
3
Let y(b) = 21*b**2 + 9*b + 67. Let k(z) = 8*z**2 + 4*z + 33. Let g(c) = 5*k(c) - 2*y(c). What is g(-5)?
-29
Let z(f) = f**2 - f - 4. Let t(l) = l**2 + 15*l + 30. Let s be t(-13). Let u be (-4 - 14)/2*s/(-6). Suppose 0 = -3*b + 4*x - 2 + u, -5*x = -10. Calculate z(b).
8
Let i(y) = y - 13. Let w be i(18). Suppose u - w*u = -12. Suppose -5*q + 0*q - 9 = -u*x, 0 = -2*q + 2*x - 6. Let o(t) = t - 7. Calculate o(q).
-7
Let b(l) be the first derivative of -l**3/3 + 9*l**2/2 + 11*l - 2227. Calculate b(10).
1
Let u(x) = -262*x**2 + 4*x**3 + 130*x**2 + 3*x - 15*x - 11 + 131*x**2. Let j be u(-1). Let i(g) = g**2 + 2*g - 1. What is i(j)?
7
Let z = 70 - 61. Let s(o) = 12 - 7*o - z + 7*o**2 - o**3 - 6. Calculate s(6).
-9
Let b(g) = -4*g - 1. Suppose 14 + 294 = 4*s. Let w = s + -76. Determine b(w).
-5
Suppose -3*k + 15 = -0*k. Let w = 9 - k. Let l(s) = 5 - 6*s - 7*s**2 - 5*s**2 + s**3 + 9*s**2. Determine l(w).
-3
Let k be ((-1168)/(-48) + -24)*(1 + -2 + -32). Let i(u) = -u**2 - 2*u - 8. Calculate i(k).
-107
Let l(y) = 3*y + 13 - 13 + 24. Let r = -98224 + 98214. What is l(r)?
-6
Let u(h) = -1 - 125*h**2 + h + 93*h**2 + 0*h + 38*h**2 + 47*h**2. Determine u(1).
53
Let m(l) = 19*l**2 - 29*l + 223. Let h(x) = 7*x**2 - 10*x + 73. Let j(a) = -11*h(a) + 4*m(a). Give j(-12).
17
Let y(g) be the first derivative of -2*g - 51 - 1/2*g**2. Calculate y(-6).
4
Suppose -13*p = 2*p - 13530. Let f(c) = -1 - 2 - 7*c + p*c**2 - 903*c**2. Give f(-7).
-3
Let q(h) = -h**2 - 12*h - 22. Let b(k) = -k**2 - 16*k - 30. Let w be b(-6). Suppose 0 = 178*o - 181*o - w. Calculate q(o).
-2
Let b(h) = 43 + 458 - 75*h - 58. Calculate b(6).
-7
Let w(j) be the first derivative of -2*j - 1/3*j**3 + 0*j**2 - 5. Let b(n) = -2*n**2 - 42*n + 48. Let r be b(-22). Determine w(r).
-18
Let q(c) = -c**2 - 8*c. Let h(f) = -f**3 + 7*f**2 - 7*f + 3. Let v be h(5). Suppose -r = -9 + v. Give q(r).
-9
Let u(z) = 8*z**3 + 30*z**2 + 178*z - 45. Let r(n) = -7*n**3 - 28*n**2 - 159*n + 44. Let o(b) = 7*r(b) + 6*u(b). Calculate o(-12).
2
Let d(y) be the first derivative of -y**5/60 + y**4/24 - 23*y**3/3 + 71. Let j(a) be the third derivative of d(a). Determine j(1).
-1
Let a(t) = t**2 + 12*t + 24. Let p be (-154)/16 - 96/256. Determine a(p).
4
Suppose 0 = 5*w + 5*p + 2 - 7, 1 = 4*w + p. Suppose w = 15*i - 13*i - 4. Let u(v) = 10 + 5*v - 2*v - i*v. What is u(0)?
10
Suppose 0 = -7*t + 23*t + 27 + 69. Let i(w) be the first derivative of 0*w - 1/4*w**4 + 2 - 7/3*w**3 - 4*w**2. Determine i(t).
12
Let i(q) = -3 - 1 + 2 + q + q**2 + 0. Suppose 4*f - 16 = -4*l - 28, l + 2*f = -6. Give i(l).
-2
Let n(v) = 8 + 72*v + 73*v + 77*v + v**3 - 231*v. Determine n(2).
-2
Let b(l) = 10*l + 11. Suppose 2*w - 2 = 0, 16*v - 17 = 21*v - 2*w. What is b(v)?
-19
Let z(l) = -3*l**3 + 31*l**2 - 31*l + 14. Let y(k) = -4*k**3 + 33*k**2 - 34*k + 21. Let d(n) = -2*y(n) + 3*z(n). What is d(26)?
26
Let w(t) be the third derivative of t**5/60 - 7*t**4/24 + t**3/3 + 2*t**2 + 24*t. Give w(8).
10
Let h(s) = 2*s**2 + 1. Let w be h(-2). Let z(d) = -4 + d**2 - 2*d**2 + w + 4*d. Suppose 193*b - 197*b = n - 9, 5*n = b + 24. Calculate z(n).
0
Let f(k) = -5*k**2 + 10*k + 5. Let c(g) be the third derivative of 11*g**5/60 - 5*g**4/6 - 5*g**3/3 + 114*g**2. Let p(u) = 6*c(u) + 13*f(u). What is p(-4)?
-19
Let g = 2 - 0. Suppose -2*f = -d, -g*d = -0*f + 3*f - 7. Let w(p) be the first derivative of -3*p**4/4 + p**3/3 - p**2/2 + p - 190. Calculate w(f).
-2
Let s(w) be the first derivative of 17*w + 11/2*w**2 + 1/4*w**4 - 29 - 13/3*w**3. Let b be s(12). Let z(x) = x**3 - 5*x**2 - x + 2. What is z(b)?
-3
Let h(d) = d**3 + 43*d**2 - 42*d + 84. Let i(r) = 162*r + 3844. Let v be i(-24). What is h(v)?
-4
Let j be (-2)/5*(-2 - 6/12). Let f(w) = -7*w - 11*w + 26*w - 7*w - j. Determine f(-5).
-6
Let a(u) be the third derivative of u**6/120 + 7*u**5/20 - 23*u**4/12 + 4*u**3/3 - 41*u**2 - 23. What is a(-23)?
8
Let b = 108 + -105. Suppose -4*q = -5*i + 4*i + b, 3*i - 3*q = 9. Let z(a) = a**2 + a - 2. What is z(i)?
10
Suppose 2*b - 24 = -0*b. Suppose -4*j - 2*p + 10 = 0, -15*j - p = -b*j - 9. Let n(m) = -m**2 + 9*m - 14. Determine n(j).
6
Suppose -386 = 71*b + 40. Let s(r) = -r**2 + 4*r - 7. Determine s(b).
-67
Let o(y) = -1006 - 20*y - 5*y**2 + 1029 + 3*y**2 + y**2. Give o(-21).
2
Let q(y) be the second derivative of 13 + 1/20*y**5 + 2*y - 5/12*y**4 + 0*y**3 + 3/2*y**2. Suppose -r + 1 = 2*p, -5*p = -r - 2*p + 6. Give q(r).
-15
Let p(h) = 2*h**2 - 6*h - 6. Let j = -168 - -42. Let r be (-94)/j*7 + 2/(-9). Calculate p(r).
14
Let f(q) be the second derivative of q**5/20 - 3*q**4/4 + 7*q**3/3 + 11*q**2 - 9*q. Give f(7).
22
Let k(s) = -s**3 - 19*s**2 + 42*s. Let w be k(-21). Let u(a) be the second derivative of w - 3/2*a**2 + 4*a + 1/2*a**3 - 1/12*a**4. Determine u(2).
-1
Let w(x) = 8*x**2 + 9*x**2 - 37*x**2 + 13 + 14*x**2 + 9*x**2. Let n(c) = -7*c**2 + 2*c - 27. Let p(a) = 4*n(a) + 9*w(a). What is p(9)?
0
Let g(n) = 2*n**3 - 5*n**2 + 2*n - 6. Let a be g(4). Suppose 2*k + 4*s = a, 7*k + s = 5*k + 62. Let z = k + -32. Let q(r) = -r**2 - r. Give q(z).
-2
Let r(z) = z**2 - 2*z - 2. Let m = -26461 - -26466. Let c be -1 + 1 + -1 - -5. Suppose 3*t - c = m. Give r(t).
1
Let t(a) = a - 12. Suppose -g + 627 = 2*g. Let s = g + -201. Give t(s).
-4
Suppose 0 = 2*b - 6*b - 1496. Let g be 2/9*1 - b/99. Let o(a) be the first derivative of -a**2/2 - a - 60. Calculate o(g).
-5
Let a(z) = z**3 + 16*z**2 + 14*z - 14. Let x(d) be the third derivative of d**5/60 - 5*d**4/8 + 35*d**3/6 - 18*d**2. Let u be x(10). Give a(u).
1
Suppose 4*k = -2*d + 16, -3*k + 4*d = 6 - 18. Let b(s) = 13 + 10*s - s**2 - k - 4 - 6. Let u = -18 - -25. Give b(u).
20
Let k(d) = -3*d**2 + 11*d + 6. Let j(a) = -a**2 + 3*a + 2. Let b(h) = -7*j(h) + 2*k(h). Suppose 3*z = -12*z - 60. Determine b(z).
10
Let q(w) = 9*w**2 - 7*w**2 - 48 - w + 23. Let o be q(7). Let x be o/14 + 4/14. Let v(g) = -g**2 + 5*g - 7. Calculate v(x).
-7
Let b = -5123 + 5109. Let c(v) = v - 4. Give c(b).
-18
Suppose 150*k - 7 = 149*k. Let l(n) be the third derivative of -n**4/12 + 8*n**3/3 + 7*n**2. Calculate l(k).
2
Let p(j) = -j**2 - 2*j. Let z(n) = 3*n + 18. Let y be (0 - 0)/(9 + -10). Let k be z(y). Suppose 0 = 13*m - k*m - 20. Determine p(m).
-8
Let y(l) = 7*l. Let f(a) = 24*a + 2. Let j(t) = -2*f(t) + 7*y(t). Suppose -2*u = -4*z + 2, -2*z = 5*u - 14 - 29. Give j(u).
3
Let x(b) = -12*b**2 - 4*b + 1. Suppose 6*y - 17 = 63*g - 58*g, 5*g = -35. Determine x(y).
-95
Let i(c) = -c**3 + 3*c**2 + 9. Suppose 0 = -3*t + j + 15, 2*t + 5*j - 78 = -85. Give i(t).
-7
Let x(f) = -f**3 - 14*f**2 + f + 10. Let i be (-1)/(2/4) - 1. Let w(v) = -36*v - 9 + 24*v**2 + 2*v**3 - 9*v**2 + 34*v. Let d(h) = i*x(h) - 2*w(h). Give d(12).
0
Let y(t) = -t + 8. Suppose -41*m - 35 = -48*m. Let a be 7/(4 - (-2 + m)). Determine y(a).
1
Let v(z) = -z - 4. Let w(i) = -8*i - 56. Let r(g) = 10*v(g) - w(g). Determine r(8).
0
Let g be (1/(-3)*0)/2 - -6. Let z(j) = 2*j**2 - 5*j - 35. Calculate z(g).
7
Let j(g) be the first derivative of g**4/4 + 2*g**3 - 4*g**2 - 9*g - 95. Let k(f) = -f**2 + 0 + 0*f**2 - 2*f - 1 - 7*f**2. Let i be k(-1). Give j(i).
-2
Let f(z) be the first derivative of -z**3/3 + 93*z**2/2 + 382*